- -4) + 2). Let g = x + 37. What is the units digit of g?
4
Let l be 1/2*(-1 + 123). Suppose -3*z - 2*x = -z - 42, 0 = 3*z + x - l. What is the tens digit of z?
2
Suppose -117 = -4*y + d, 135 = 5*y - 2*d - 3*d. What is the units digit of y?
0
What is the units digit of (2/(-2) - (-10 + 8)) + 36?
7
Suppose -24 = -4*d - 4*g, -3*d = -3*g - 2*g + 14. Suppose 25 = -d*j + j + 3*u, 0 = j + 3*u + 55. What is the tens digit of j/(-6)*6/4?
1
Let d(y) = 2*y**3 - 7*y**2 - 13*y + 12. What is the units digit of d(6)?
4
Suppose -3*t = -42 - 18. Let j = t - 10. What is the units digit of j?
0
Suppose 2*v - 27 = v. Suppose v = 3*n - 0*n. What is the units digit of n?
9
Suppose -3*y + 4*x = -77, -3*x + 0*x = 2*y - 74. What is the tens digit of y?
3
Suppose -i = 4*i + 45. Let c(d) = -d**3 - 9*d**2 + 3*d + 9. Let j be c(i). What is the tens digit of ((-15)/(-9))/((-2)/j)?
1
Suppose -3*q - q + 72 = 0. Suppose -x = -5*k + 7, -k = 4*x + 2*k - q. What is the units digit of x?
3
Let l = 4 - -1. Suppose 0 = -2*c + 5*d - 7, -4*c + 5*d + 16 - l = 0. What is the units digit of c?
9
Let i(n) = -n**3 + 12*n**2 - 9*n - 5. Let t(l) = -l. Let p(h) = i(h) + t(h). What is the units digit of p(11)?
6
Let b = 62 + -36. Let h = b - 18. What is the units digit of h?
8
Suppose -3*l - 4*r = 0, 4*l + 5*r + 0*r = 0. Let s = 5 - l. What is the units digit of s?
5
Let b be 9*(30/(-9))/(-5). Let c be (9/b)/((-2)/(-12)). Let w = 22 - c. What is the tens digit of w?
1
Let m be ((-10)/(-30))/((-1)/12). Let r = 0 + 0. What is the tens digit of (5 + m)*(11 + r)?
1
Let o = 9 - 6. Suppose -o*u + 7 + 2 = 0. What is the units digit of u?
3
Let q = 2 - 2. Let r = 4 + q. Suppose -4*z = r*k - 44, 5*k - 76 = -3*z - 19. What is the tens digit of k?
1
Let i(q) = -q**2 + 3*q + 4. Let w be i(3). Let m = w - 1. Suppose m*b - 14 = b. What is the units digit of b?
7
Let t(y) = y**2 + 7*y - 6. Let l be t(-6). Let j = l - -21. What is the units digit of j?
9
Let k = 9 - -2. What is the units digit of k?
1
Suppose -2*s = -9 + 1. Suppose -y = -2*d + s, -18 = -5*d - y + 6. What is the units digit of d?
4
Suppose 3*b + 33 = 2*m, 2*m - 2*b = -0*b + 34. What is the tens digit of 100/15*m/4?
3
Suppose 0 = 3*l + 4 - 28. Let m(f) = 4*f**2 + 2*f - 1. Let s be m(-2). Let i = s - l. What is the units digit of i?
3
Let w = 94 - 35. What is the tens digit of w?
5
Let u(w) = 18*w - 3. What is the units digit of u(3)?
1
Let a = 26 + -2. Suppose -87 = 21*s - a*s. What is the units digit of s?
9
Let z be 0/2 + 1 + 4. Let d(o) be the third derivative of o**5/60 - o**4/6 - o**3/3 + o**2. What is the units digit of d(z)?
3
Let l(q) = 2*q**2 - 5*q + 30. What is the tens digit of l(4)?
4
Let u = 48 + -31. What is the units digit of u?
7
Suppose u - 3*t - 97 = -5*t, 0 = -2*u - 3*t + 192. What is the units digit of u?
3
Suppose r + 103 = -3*t + 328, 4*t - 310 = 2*r. What is the units digit of t?
6
Suppose -3*a - 189 = -3*y - 4*a, -4*y = 5*a - 241. What is the units digit of y?
4
Let c(h) = -3*h**2 - 9*h + 3 + 2*h**2 - 12. What is the units digit of c(-6)?
9
Let z(j) = j**3 - 2*j**2 - 2*j + 1. Let m be z(3). Suppose -m*q + 52 = -0*q. What is the units digit of q?
3
Let n(j) = -j**2 + 2*j + 3. Let l be n(-2). Let i(f) = -f**2 - 7*f - 7. Let b be i(l). Let z(y) = y**3 - 2*y**2 - 3*y + 3. What is the units digit of z(b)?
3
Suppose 2*f - 6 = 10. What is the units digit of f?
8
Suppose -68 + 9 = -w. What is the units digit of w?
9
Let x = 4 + -2. Let u(o) = 4*o**2 + 2*o - 2. Let k be u(x). Suppose 0*c + k = 2*a + 3*c, 0 = 5*a - c - 11. What is the units digit of a?
3
Let h = -57 + 38. Let a = h - -27. What is the units digit of a?
8
Suppose 0*i - 3*i + 66 = 0. What is the tens digit of i?
2
Suppose -h - 29 = -5*f - 7, -5*f = h - 18. Suppose -f*a + 51 + 69 = -5*v, -a = -v - 31. Let q = -20 + a. What is the units digit of q?
5
What is the units digit of (163*(-20)/(-25))/((-8)/(-20))?
6
Suppose -4*h + 2*w + 178 = 0, -3*h + 0*w - w + 146 = 0. What is the tens digit of h?
4
Let q = -1 + 1. Suppose q = 5*a + 3*h - 22, 0 = 3*a - 4*a + h - 2. What is the units digit of a/(-1)*(-9)/6?
3
What is the tens digit of (-3 - -2)*(-32 - -1)?
3
Let f(p) = p**3 - 4*p**2 + 3*p + 2. Let v(q) = 4*q**2 - 2*q + 1. Let h be v(1). Let m be f(h). Suppose -m*d - 20 = -7*d. What is the units digit of d?
4
Let f(h) = h**3 - 17*h**2 + 19*h + 2. What is the tens digit of f(16)?
5
Let f = -36 + 93. Suppose -4*t + 5*s + 1 = -2*t, -f = -4*t - s. What is the tens digit of t?
1
Suppose 2*u + 3*j = -0*j + 27, 105 = 5*u - 5*j. What is the units digit of (u/12)/((-6)/(-20))?
5
Suppose -5*n + 1 = -39. Suppose q = 2 - n. What is the units digit of 2/12 + (-53)/q?
9
Suppose -3*h + 3 = -3*n, 0*h + 5*n + 5 = -2*h. Let x be (-14)/(-21)*(15 + h). What is the units digit of (-9)/15 + 46/x?
4
What is the units digit of (-30)/(-26) - 2/13?
1
Let f(h) = -2*h + 1. Let m(k) = -2*k. Let d be m(-3). Let x be f(d). Let w = x + 20. What is the units digit of w?
9
Let f = 24 - 10. What is the units digit of f?
4
Let h be ((-30)/25)/(2/(-10)). Suppose 3*p = 5*v + 34 + h, -v = 2*p - 18. What is the units digit of p?
0
Suppose 0 = 12*f - 504 - 84. What is the tens digit of f?
4
Let j = 9 - -3. What is the tens digit of 20*(63/j + -3)?
4
Suppose 4*u - 109 - 43 = 0. Let a = u - 22. What is the units digit of a?
6
Suppose 5*v - 25 = 0, -4*v = 2*z - 61 - 15. Let c = z - 17. What is the units digit of c?
1
Suppose 10 = 3*s - 32. What is the tens digit of s?
1
What is the units digit of (264/(-110))/((-4)/30)?
8
Let b(o) = -2*o + 4*o**2 + 7*o - 3 + 0*o + 4*o**3 - o. Let g(s) = 3*s**3 + 4*s**2 + 3*s - 2. Let f(u) = -4*b(u) + 5*g(u). What is the units digit of f(3)?
8
Suppose -2 + 5 = a. Suppose 5*i - a = 72. What is the units digit of i?
5
Let y = 45 + -28. Suppose 66 = 2*q - 2*z, -y = 4*z + 3. What is the units digit of q?
8
Suppose 5*r - 12 = 3*r + 2*h, 2*h + 14 = 3*r. Let v(u) = -1 + r + 3*u**2 - u**2. What is the units digit of v(1)?
3
Suppose 4*g - 70 - 35 = -5*s, -s + 4*g = -21. What is the units digit of s?
1
Suppose 11*b = 1508 + 1418. What is the units digit of b?
6
Let z = 2 + 0. Suppose q + 3*q = 12, -5*q + 19 = z*l. What is the units digit of l?
2
Let h(m) = m**3 - 2*m**2 - 3*m + 4. Let g be h(3). What is the units digit of (5/(-3))/(g/(-12))?
5
Suppose 12 = 4*a, 9 = -5*t - a + 52. What is the units digit of t?
8
Let s be (-3)/(-1)*50/15. Suppose -5*z - 121 = -4*d, d + z - s = 9. What is the units digit of d?
4
Let i be (-181 + -2)/(-3) + -1. Suppose i = 6*l - 2*l. What is the units digit of l*(-1)/((-15)/6)?
6
Let z be (1 - -1) + (-2 - -2). Let u be (-4)/(-3)*3/z. What is the units digit of -4*u*(-9)/12?
6
Let i(g) = g**2 - g - 1. Let o = 13 - 10. What is the units digit of i(o)?
5
What is the hundreds digit of (35/(-14))/(2/(-220))?
2
Suppose -3*x = 2*c - 64, x - c - 67 = -3*x. Let t be (-536)/(-18) - (-4)/x. What is the units digit of (t/(-25))/(1/(-5))?
6
Let r = 12 - 12. Suppose r = -5*n + 3*s + 180, -s + 5*s - 36 = -n. What is the tens digit of n?
3
Let p(h) = -h**2 - 6*h - 1. Let w be p(-5). Let y(z) = -z**2 + 2*z + 4. Let k be y(w). Let q = k - -6. What is the units digit of q?
2
Let z(o) = -o**2 + 9*o - 1. Let l be z(8). Let t(s) = s - 5. Let k be t(l). Suppose -3*b + k*b = -8. What is the units digit of b?
8
Suppose -4*d - 4*z = -d - 120, d - 40 = -4*z. Let l = d + -7. What is the tens digit of l?
3
Suppose -37 + 7 = -5*v. Let u(g) = 2*g - 9. What is the units digit of u(v)?
3
Let f be -6 + 2 - 0/(-1). Let g be (-21)/f + 2/(-8). Suppose g*t - 8 = t. What is the units digit of t?
2
What is the hundreds digit of 21/(-2)*(-68)/(-6)*-1?
1
Let w = 223 - 144. What is the units digit of w?
9
Let h = 2 - -21. What is the tens digit of h?
2
Let y = -65 + 155. What is the tens digit of y?
9
Let y(a) = a + 3. Let p be y(0). Suppose 40 = p*z + 2*v, -v - 57 = -3*z - 5. Suppose 0 = 2*c - 0 - z. What is the units digit of c?
8
Let i = 143 - 101. Suppose 3*w + 0*w = i. Suppose -n - 3*k = 5, 2*k - w = -5*n + 26. What is the units digit of n?
0
Let o(y) = -2*y - 2. What is the tens digit of o(-10)?
1
What is the tens digit of (-4)/(-1) - (-9 - 0)?
1
Suppose 3 = 3*q, -65 = -2*y + 2*q + q. What is the tens digit of y?
3
Let p(j) = j - 10. Let f be p(10). Let x be 1 - (-4 - 1 - -1). Suppose f = 2*a + 